{"id":8006,"date":"2026-02-26T09:58:24","date_gmt":"2026-02-26T12:58:24","guid":{"rendered":"https:\/\/proppg.unilab.edu.br\/?page_id=8006"},"modified":"2026-02-26T15:10:34","modified_gmt":"2026-02-26T18:10:34","slug":"proppg-2","status":"publish","type":"page","link":"https:\/\/proppg.unilab.edu.br\/index.php\/proppg-2\/","title":{"rendered":"PROPPG *"},"content":{"rendered":"<h1><strong>Apresenta\u00e7\u00e3o<\/strong><\/h1>\n<p>A Pr\u00f3-Reitoria de Pesquisa, P\u00f3s-Gradua\u00e7\u00e3o e Inova\u00e7\u00e3o (PROPPGI) \u00e9 um \u00f3rg\u00e3o ligado e subordinado diretamente \u00e0 Reitoria da Universidade da Integra\u00e7\u00e3o Internacional da Lusofonia Afro-Brasileira (Unilab). A PROPPGI tem como finalidade propor, incentivar, coordenar, supervisionar e fiscalizar as atividades de Pesquisa, P\u00f3s-Gradua\u00e7\u00e3o e Inova\u00e7\u00e3o Tecnol\u00f3gica na Unilab, promovendo o desenvolvimento cient\u00edfico, tecnol\u00f3gico e inovador no \u00e2mbito institucional, nacional e no contexto dos pa\u00edses membros da Comunidade dos Pa\u00edses de L\u00edngua Portuguesa &#8211; CPLP, harmonizando os interesses do corpo docente, t\u00e9cnico administrativo em educa\u00e7\u00e3o e discente.<br \/>\nA Pr\u00f3-Reitoria \u00e9 constitu\u00edda pelas seguintes unidades administrativas:<br \/>\nCoordena\u00e7\u00e3o de Pesquisa (CPQ)<br \/>\nCoordena\u00e7\u00e3o de P\u00f3s-gradua\u00e7\u00e3o (CPGRAD)<br \/>\nCoordena\u00e7\u00e3o de Inova\u00e7\u00e3o Tecnol\u00f3gica (CIT)<\/p>\n<h1>Miss\u00e3o<\/h1>\n<p>A Pr\u00f3-Reitoria de Pesquisa, P\u00f3s-Gradua\u00e7\u00e3o e Inova\u00e7\u00e3o tem como miss\u00e3o assessorar a comunidade acad\u00eamica nos assuntos relativos \u00e0 Pesquisa Cient\u00edfica e Tecnol\u00f3gica, propondo, incentivando, coordenando e supervisionando as atividades de Pesquisa e Inova\u00e7\u00e3o Tecnol\u00f3gica na Universidade. Al\u00e9m disso, fornecer suporte ao funcionamento dos cursos de p\u00f3s-gradua\u00e7\u00e3o da Unilab, sejam eles Lato ou Stricto Sensu, sempre em busca de sua consolida\u00e7\u00e3o e expans\u00e3o. Nesse contexto, essa Pr\u00f3-Reitoria tem como refer\u00eancia a qualidade e a relev\u00e2ncia, para bem cumprir o papel de geradora de conhecimentos e de forma\u00e7\u00e3o de recursos humanos, harmonizando os interesses do corpo docente, do t\u00e9cnico administrativo em educa\u00e7\u00e3o e do discente.<\/p>\n","protected":false},"excerpt":{"rendered":"<p>Apresenta\u00e7\u00e3o A Pr\u00f3-Reitoria de Pesquisa, P\u00f3s-Gradua\u00e7\u00e3o e Inova\u00e7\u00e3o (PROPPGI) \u00e9 um \u00f3rg\u00e3o ligado e subordinado diretamente \u00e0 Reitoria da Universidade da Integra\u00e7\u00e3o Internacional da Lusofonia Afro-Brasileira (Unilab). A PROPPGI tem como finalidade propor, incentivar, coordenar, supervisionar e fiscalizar as atividades de Pesquisa, P\u00f3s-Gradua\u00e7\u00e3o e Inova\u00e7\u00e3o Tecnol\u00f3gica na Unilab, promovendo o desenvolvimento cient\u00edfico, tecnol\u00f3gico e inovador [&hellip;]<\/p>\n","protected":false},"author":101037,"featured_media":0,"parent":0,"menu_order":0,"comment_status":"closed","ping_status":"closed","template":"","meta":{"_uag_custom_page_level_css":"","footnotes":""},"class_list":["post-8006","page","type-page","status-publish","hentry"],"uagb_featured_image_src":{"full":false,"thumbnail":false,"medium":false,"medium_large":false,"large":false,"1536x1536":false,"2048x2048":false},"uagb_author_info":{"display_name":"Higo Nogueira","author_link":"https:\/\/proppg.unilab.edu.br\/index.php\/author\/higo-nogueira\/"},"uagb_comment_info":0,"uagb_excerpt":"Apresenta\u00e7\u00e3o A Pr\u00f3-Reitoria de Pesquisa, P\u00f3s-Gradua\u00e7\u00e3o e Inova\u00e7\u00e3o (PROPPGI) \u00e9 um \u00f3rg\u00e3o ligado e subordinado diretamente \u00e0 Reitoria da Universidade da Integra\u00e7\u00e3o Internacional da Lusofonia Afro-Brasileira (Unilab). A PROPPGI tem como finalidade propor, incentivar, coordenar, supervisionar e fiscalizar as atividades de Pesquisa, P\u00f3s-Gradua\u00e7\u00e3o e Inova\u00e7\u00e3o Tecnol\u00f3gica na Unilab, promovendo o desenvolvimento cient\u00edfico, tecnol\u00f3gico e inovador&hellip;","_links":{"self":[{"href":"https:\/\/proppg.unilab.edu.br\/index.php\/wp-json\/wp\/v2\/pages\/8006","targetHints":{"allow":["GET"]}}],"collection":[{"href":"https:\/\/proppg.unilab.edu.br\/index.php\/wp-json\/wp\/v2\/pages"}],"about":[{"href":"https:\/\/proppg.unilab.edu.br\/index.php\/wp-json\/wp\/v2\/types\/page"}],"author":[{"embeddable":true,"href":"https:\/\/proppg.unilab.edu.br\/index.php\/wp-json\/wp\/v2\/users\/101037"}],"replies":[{"embeddable":true,"href":"https:\/\/proppg.unilab.edu.br\/index.php\/wp-json\/wp\/v2\/comments?post=8006"}],"version-history":[{"count":4,"href":"https:\/\/proppg.unilab.edu.br\/index.php\/wp-json\/wp\/v2\/pages\/8006\/revisions"}],"predecessor-version":[{"id":8024,"href":"https:\/\/proppg.unilab.edu.br\/index.php\/wp-json\/wp\/v2\/pages\/8006\/revisions\/8024"}],"wp:attachment":[{"href":"https:\/\/proppg.unilab.edu.br\/index.php\/wp-json\/wp\/v2\/media?parent=8006"}],"curies":[{"name":"wp","href":"https:\/\/api.w.org\/{rel}","templated":true}]}}