{"id":3960,"date":"2022-02-21T16:41:48","date_gmt":"2022-02-21T19:41:48","guid":{"rendered":"https:\/\/proppg.unilab.edu.br\/?page_id=3960"},"modified":"2022-12-26T16:11:02","modified_gmt":"2022-12-26T19:11:02","slug":"ecossistema-de-inovacao-e-empreendedorismo","status":"publish","type":"page","link":"https:\/\/proppg.unilab.edu.br\/index.php\/ecossistema-de-inovacao-e-empreendedorismo\/","title":{"rendered":"Projetos da Coordena\u00e7\u00e3o de Inova\u00e7\u00e3o Tecnol\u00f3gica"},"content":{"rendered":"<p><img loading=\"lazy\" decoding=\"async\" class=\" wp-image-4059 aligncenter\" src=\"https:\/\/proppg.unilab.edu.br\/wp-content\/uploads\/2022\/02\/3-184x165.png\" alt=\"\" width=\"185\" height=\"166\" srcset=\"https:\/\/proppg.unilab.edu.br\/wp-content\/uploads\/2022\/02\/3-184x165.png 184w, https:\/\/proppg.unilab.edu.br\/wp-content\/uploads\/2022\/02\/3-1024x917.png 1024w, https:\/\/proppg.unilab.edu.br\/wp-content\/uploads\/2022\/02\/3.png 1290w\" sizes=\"auto, (max-width: 185px) 100vw, 185px\" \/><\/p>\n<p style=\"text-align: justify;\">A Coordena\u00e7\u00e3o de Inova\u00e7\u00e3o Tecnol\u00f3gica e a Divis\u00e3o de\u00a0 Empreendedorismo e Incuba\u00e7\u00e3o de Empresas desenvolveram os projetos <strong>&#8220;Unilab Inovando&#8221;<\/strong> e <strong>&#8220;Empreender Unilab&#8221;<\/strong>, com os objetivos de coordenar, respectivamente, as a\u00e7\u00f5es de Inova\u00e7\u00e3o e de Empreendedorismo na Unilab no ano de 2022. As a\u00e7\u00f5es a serem desenvolvidas tem como meta o desenvolvimento do Ecossistema de Inova\u00e7\u00e3o e de Empreendedorismo institucional.<\/p>\n<p style=\"text-align: justify;\">Os referidos projetos, lan\u00e7ados de forma s\u00edncrona no dia 21 de fevereiro de 2022 no <a href=\"https:\/\/www.youtube.com\/watch?v=kHitRrRwFJI\" data-rel=\"lightbox-video-0\" target=\"_blank\" rel=\"noopener\">canal do Youtube da Unilab<\/a>, t\u00eam como escopo diversas atividades:<\/p>\n<ul style=\"text-align: justify;\">\n<li>Realiza\u00e7\u00e3o de mapeamentos acerca das a\u00e7\u00f5es institucionais que envolvam ou tenham potencial para envolver Inova\u00e7\u00e3o e\/ou Empreendedorismo;<\/li>\n<li>Articula\u00e7\u00e3o com outros agentes de Inova\u00e7\u00e3o e Empreendedorismo do Maci\u00e7o de Baturit\u00e9, de forma a fortalecer o processo de desenvolvimento do Ecossistema;<\/li>\n<li>Difus\u00e3o de conhecimento por meio de atividades onlines, atrav\u00e9s do \u00a0I Ciclo de A\u00e7\u00f5es dos Projetos Unilab Inovando e Empreender Unilab;<\/li>\n<li>Planejar, coordenar e realizar a I Feira de Empreendedorismo da Unilab;<\/li>\n<li>Estabelecimento de parceria com o Instituto Nacional da Propriedade Industrial, visando o fortalecimento dos processos de produ\u00e7\u00e3o e prote\u00e7\u00e3o de propriedade intelectual desenvolvida na Unilab.<\/li>\n<\/ul>\n<p style=\"text-align: justify;\">A partir dos Projetos Unilab Inovando e Empreender Unilab surgiu a proposta do Programa de desenvolvimento do Ecossistema de Inova\u00e7\u00e3o e de Empreendedorismo da Unilab. \u00c9 importante frisar que os resultados das a\u00e7\u00f5es dos referidos projetos ser\u00e3o compartilhados com a comunidade acad\u00eamica ao seu fim.<\/p>\n<h6><strong>Mais informa\u00e7\u00f5es:<\/strong><\/h6>\n<p><a href=\"https:\/\/proppg.unilab.edu.br\/index.php\/coordenacao-de-inovacao-tecnologica\/i-ciclo-de-acoes-dos-projetos-unilab-inovando-e-empreender-unilab-2\/\"><strong>I Ciclo de A\u00e7\u00f5es dos Projetos Unilab Inovando e Empreender Unilab<\/strong><\/a><\/p>\n<p><a href=\"https:\/\/www.even3.com.br\/iiciclocit2022\/\"><strong>II Ciclo de A\u00e7\u00f5es dos Projetos Unilab Inovando e Empreender Unilab<\/strong><\/a><\/p>\n<p>&nbsp;<\/p>\n<p>&nbsp;<\/p>\n","protected":false},"excerpt":{"rendered":"<p>A Coordena\u00e7\u00e3o de Inova\u00e7\u00e3o Tecnol\u00f3gica e a Divis\u00e3o de\u00a0 Empreendedorismo e Incuba\u00e7\u00e3o de Empresas desenvolveram os projetos &#8220;Unilab Inovando&#8221; e &#8220;Empreender Unilab&#8221;, com os objetivos de coordenar, respectivamente, as a\u00e7\u00f5es de Inova\u00e7\u00e3o e de Empreendedorismo na Unilab no ano de 2022. As a\u00e7\u00f5es a serem desenvolvidas tem como meta o desenvolvimento do Ecossistema de Inova\u00e7\u00e3o [&hellip;]<\/p>\n","protected":false},"author":2,"featured_media":0,"parent":0,"menu_order":0,"comment_status":"closed","ping_status":"closed","template":"","meta":{"_uag_custom_page_level_css":"","footnotes":""},"class_list":["post-3960","page","type-page","status-publish","hentry"],"uagb_featured_image_src":{"full":false,"thumbnail":false,"medium":false,"medium_large":false,"large":false,"1536x1536":false,"2048x2048":false},"uagb_author_info":{"display_name":"PROPPG UNILAB","author_link":"https:\/\/proppg.unilab.edu.br\/index.php\/author\/proppg\/"},"uagb_comment_info":0,"uagb_excerpt":"A Coordena\u00e7\u00e3o de Inova\u00e7\u00e3o Tecnol\u00f3gica e a Divis\u00e3o de\u00a0 Empreendedorismo e Incuba\u00e7\u00e3o de Empresas desenvolveram os projetos &#8220;Unilab Inovando&#8221; e &#8220;Empreender Unilab&#8221;, com os objetivos de coordenar, respectivamente, as a\u00e7\u00f5es de Inova\u00e7\u00e3o e de Empreendedorismo na Unilab no ano de 2022. As a\u00e7\u00f5es a serem desenvolvidas tem como meta o desenvolvimento do Ecossistema de Inova\u00e7\u00e3o&hellip;","_links":{"self":[{"href":"https:\/\/proppg.unilab.edu.br\/index.php\/wp-json\/wp\/v2\/pages\/3960","targetHints":{"allow":["GET"]}}],"collection":[{"href":"https:\/\/proppg.unilab.edu.br\/index.php\/wp-json\/wp\/v2\/pages"}],"about":[{"href":"https:\/\/proppg.unilab.edu.br\/index.php\/wp-json\/wp\/v2\/types\/page"}],"author":[{"embeddable":true,"href":"https:\/\/proppg.unilab.edu.br\/index.php\/wp-json\/wp\/v2\/users\/2"}],"replies":[{"embeddable":true,"href":"https:\/\/proppg.unilab.edu.br\/index.php\/wp-json\/wp\/v2\/comments?post=3960"}],"version-history":[{"count":27,"href":"https:\/\/proppg.unilab.edu.br\/index.php\/wp-json\/wp\/v2\/pages\/3960\/revisions"}],"predecessor-version":[{"id":4586,"href":"https:\/\/proppg.unilab.edu.br\/index.php\/wp-json\/wp\/v2\/pages\/3960\/revisions\/4586"}],"wp:attachment":[{"href":"https:\/\/proppg.unilab.edu.br\/index.php\/wp-json\/wp\/v2\/media?parent=3960"}],"curies":[{"name":"wp","href":"https:\/\/api.w.org\/{rel}","templated":true}]}}