{"id":3449,"date":"2021-10-08T10:44:30","date_gmt":"2021-10-08T13:44:30","guid":{"rendered":"http:\/\/proppg.unilab.edu.br\/?page_id=3449"},"modified":"2026-04-13T11:03:26","modified_gmt":"2026-04-13T14:03:26","slug":"paineis","status":"publish","type":"page","link":"https:\/\/proppg.unilab.edu.br\/index.php\/paineis\/","title":{"rendered":"Indicadores e Declara\u00e7\u00f5es"},"content":{"rendered":"<h5><strong>Indicadores<\/strong><\/h5>\n<ul>\n<li><a href=\"https:\/\/unilab.edu.br\/unilab-em-numeros\/\">UNILAB em N\u00fameros<\/a><\/li>\n<li><a href=\"https:\/\/app.powerbi.com\/view?r=eyJrIjoiOGI3NTZkN2EtYmQ3Yy00YTcxLWFiYjAtYjk5MWM2YTk1YzJlIiwidCI6IjkwMjlkZGNlLWFmMTItNDJiZS04MDM3LTU4MzEzZTRkYzVkMSJ9\" target=\"_blank\" rel=\"noopener\">Painel da Pesquisa<\/a><\/li>\n<li><a href=\"https:\/\/app.powerbi.com\/view?r=eyJrIjoiYTg4MGFmNWQtMjQ4Yi00ZmFhLTgzMmMtMDFiMmI3YzFmNmEwIiwidCI6IjkyYzBjZmE5LTdlOTEtNGVhZC1hYzI5LWNkNDRhMjM4OWIwMSJ9&amp;pageName=ReportSectionaf31612e05234cb0b779\">Painel Diret\u00f3rio dos Grupos de Pesquisa no Brasil<\/a><\/li>\n<li><a href=\"https:\/\/proppg.unilab.edu.br\/forms\/paineis\/processos\/\" target=\"_blank\" rel=\"noopener\">Painel de Processos<\/a><\/li>\n<\/ul>\n<hr \/>\n<h5><strong>Declara\u00e7\u00f5es<\/strong><\/h5>\n<ul>\n<li><a href=\"https:\/\/proppg.unilab.edu.br\/forms\/paineis\/chpunilab\/\" target=\"_blank\" rel=\"noopener\">Carga Hor\u00e1ria de Pesquisa<\/a><\/li>\n<li><a class=\"navbar-brand\" href=\"https:\/\/proppg.unilab.edu.br\/forms\/sistemas\/declaracoes\/\" target=\"_blank\" rel=\"noopener\">Sistema de Declara\u00e7\u00f5es da Pesquisa<\/a><\/li>\n<\/ul>\n","protected":false},"excerpt":{"rendered":"<p>Indicadores UNILAB em N\u00fameros Painel da Pesquisa Painel Diret\u00f3rio dos Grupos de Pesquisa no Brasil Painel de Processos Declara\u00e7\u00f5es Carga Hor\u00e1ria de Pesquisa Sistema de Declara\u00e7\u00f5es da Pesquisa<\/p>\n","protected":false},"author":101010,"featured_media":0,"parent":0,"menu_order":0,"comment_status":"closed","ping_status":"closed","template":"","meta":{"_uag_custom_page_level_css":"","footnotes":""},"class_list":["post-3449","page","type-page","status-publish","hentry"],"uagb_featured_image_src":{"full":false,"thumbnail":false,"medium":false,"medium_large":false,"large":false,"1536x1536":false,"2048x2048":false},"uagb_author_info":{"display_name":"","author_link":"https:\/\/proppg.unilab.edu.br\/index.php\/author\/"},"uagb_comment_info":0,"uagb_excerpt":"Indicadores UNILAB em N\u00fameros Painel da Pesquisa Painel Diret\u00f3rio dos Grupos de Pesquisa no Brasil Painel de Processos Declara\u00e7\u00f5es Carga Hor\u00e1ria de Pesquisa Sistema de Declara\u00e7\u00f5es da Pesquisa","_links":{"self":[{"href":"https:\/\/proppg.unilab.edu.br\/index.php\/wp-json\/wp\/v2\/pages\/3449","targetHints":{"allow":["GET"]}}],"collection":[{"href":"https:\/\/proppg.unilab.edu.br\/index.php\/wp-json\/wp\/v2\/pages"}],"about":[{"href":"https:\/\/proppg.unilab.edu.br\/index.php\/wp-json\/wp\/v2\/types\/page"}],"author":[{"embeddable":true,"href":"https:\/\/proppg.unilab.edu.br\/index.php\/wp-json\/wp\/v2\/users\/101010"}],"replies":[{"embeddable":true,"href":"https:\/\/proppg.unilab.edu.br\/index.php\/wp-json\/wp\/v2\/comments?post=3449"}],"version-history":[{"count":10,"href":"https:\/\/proppg.unilab.edu.br\/index.php\/wp-json\/wp\/v2\/pages\/3449\/revisions"}],"predecessor-version":[{"id":6526,"href":"https:\/\/proppg.unilab.edu.br\/index.php\/wp-json\/wp\/v2\/pages\/3449\/revisions\/6526"}],"wp:attachment":[{"href":"https:\/\/proppg.unilab.edu.br\/index.php\/wp-json\/wp\/v2\/media?parent=3449"}],"curies":[{"name":"wp","href":"https:\/\/api.w.org\/{rel}","templated":true}]}}