{"id":2745,"date":"2020-12-10T13:26:00","date_gmt":"2020-12-10T16:26:00","guid":{"rendered":"http:\/\/proppg.unilab.edu.br\/?page_id=2745"},"modified":"2026-04-14T10:13:53","modified_gmt":"2026-04-14T13:13:53","slug":"normas-da-pesquisa","status":"publish","type":"page","link":"https:\/\/proppg.unilab.edu.br\/index.php\/normas-da-pesquisa\/","title":{"rendered":"Normas da Pesquisa"},"content":{"rendered":"\r\n<p style=\"text-align: justify;\">As atividades de pesquisa desenvolvidas na Universidade da Integra\u00e7\u00e3o Internacional da Lusofonia Afro-Brasileira (Unilab) s\u00e3o orientadas por um conjunto de normas, resolu\u00e7\u00f5es e legisla\u00e7\u00f5es que estabelecem diretrizes para o planejamento, execu\u00e7\u00e3o, acompanhamento e avalia\u00e7\u00e3o das a\u00e7\u00f5es de pesquisa no \u00e2mbito institucional.<\/p>\r\n<p style=\"text-align: justify;\">Nesta p\u00e1gina est\u00e3o reunidos os principais documentos normativos relacionados \u00e0 pol\u00edtica de pesquisa da universidade, incluindo resolu\u00e7\u00f5es internas aprovadas pelos \u00f3rg\u00e3os colegiados e normas externas de ag\u00eancias e \u00f3rg\u00e3os reguladores. Esses instrumentos disciplinam temas como institucionaliza\u00e7\u00e3o de projetos, funcionamento de grupos de pesquisa, programas de inicia\u00e7\u00e3o cient\u00edfica, comit\u00eas de \u00e9tica, distribui\u00e7\u00e3o de carga hor\u00e1ria docente e demais procedimentos relacionados \u00e0 gest\u00e3o da pesquisa.<\/p>\r\n<p style=\"text-align: justify;\">O objetivo \u00e9 disponibilizar, de forma organizada e transparente, os marcos normativos que orientam pesquisadores, docentes, t\u00e9cnicos e estudantes, contribuindo para o desenvolvimento da pesquisa cient\u00edfica, tecnol\u00f3gica e de inova\u00e7\u00e3o na institui\u00e7\u00e3o.<\/p>\r\n<p>&nbsp;<\/p>\r\n<h2 class=\"wp-block-heading\">Normas internas<\/h2>\r\n\r\n\r\n\r\n<table style=\"width: 98.663%; height: 1039px;\">\r\n<tbody>\r\n<tr style=\"height: 56px;\">\r\n<td style=\"width: 994px; height: 56px;\">\r\n<p>Regimento Interno do <b>Comit\u00ea de \u00c9tica em Pesquisa Envolvendo Seres Humanos <\/b>(CEP) &#8211; <a href=\"https:\/\/proppg.unilab.edu.br\/wp-content\/uploads\/2026\/03\/150.2022.pdf\">Resolu\u00e7\u00e3o Consepe\/Unilab n\u00ba 150\/2022<\/a><\/p>\r\n<\/td>\r\n<\/tr>\r\n<tr style=\"height: 56px;\">\r\n<td style=\"width: 994px; height: 56px;\">\r\n<p>Regimento Interno da <b>Comiss\u00e3o de \u00c9tica em Experimenta\u00e7\u00e3o Animal <\/b>(CEEA) &#8211;<a href=\"https:\/\/proppg.unilab.edu.br\/wp-content\/uploads\/2026\/03\/281.2023.pdf\"> Resolu\u00e7\u00e3o Consepe\/Unilab n\u00ba 281\/2023<\/a><\/p>\r\n<\/td>\r\n<\/tr>\r\n<tr style=\"height: 56px;\">\r\n<td style=\"width: 994px; height: 56px;\">\r\n<p>Regimento Interno da <b>Comiss\u00e3o de Avalia\u00e7\u00e3o de Projeto de Pesquisa <\/b>(CAPP) &#8211; <a href=\"https:\/\/proppg.unilab.edu.br\/wp-content\/uploads\/2026\/03\/135.2022.pdf\">Resolu\u00e7\u00e3o Consepe\/Unilab n\u00ba 135\/2022<\/a><\/p>\r\n<\/td>\r\n<\/tr>\r\n<tr style=\"height: 56px;\">\r\n<td style=\"width: 994px; height: 56px;\">\r\n<p>Regimento Interno da <b>Comiss\u00e3o Local de Inicia\u00e7\u00e3o Cient\u00edfica<\/b> (CLIC) &#8211; <a href=\"https:\/\/proppg.unilab.edu.br\/wp-content\/uploads\/2026\/03\/112.2021.pdf\">Resolu\u00e7\u00e3o Consepe\/Unilab n\u00ba 112\/2021\u00a0<\/a><\/p>\r\n<\/td>\r\n<\/tr>\r\n<tr style=\"height: 56px;\">\r\n<td style=\"width: 994px; height: 56px;\">\r\n<p>Institucionaliza\u00e7\u00e3o dos projetos de pesquisa cadastrados no <b>Fluxo Cont\u00ednuo<\/b> &#8211; <a href=\"https:\/\/proppg.unilab.edu.br\/wp-content\/uploads\/2026\/03\/75.2021.pdf\">Resolu\u00e7\u00e3o Consepe\/Unilab n\u00ba 75\/2021<\/a><\/p>\r\n<\/td>\r\n<\/tr>\r\n<tr style=\"height: 56px;\">\r\n<td style=\"width: 994px; height: 56px;\">\r\n<p>Normas dos <b>Grupos de Pesquisa<\/b> &#8211;<a href=\"https:\/\/proppg.unilab.edu.br\/wp-content\/uploads\/2026\/03\/282.2023.pdf\"> Resolu\u00e7\u00e3o Consepe\/Unilab n\u00ba 282\/2023<\/a><\/p>\r\n<\/td>\r\n<\/tr>\r\n<tr style=\"height: 56px;\">\r\n<td style=\"width: 994px; height: 56px;\">\r\n<p><b>Normas do PIBIC e do PIBITI<\/b> &#8211; <a href=\"https:\/\/proppg.unilab.edu.br\/wp-content\/uploads\/2026\/03\/445.2026.pdf\">Resolu\u00e7\u00e3o Consepe\/Unilab n\u00ba 445\/2026<\/a><\/p>\r\n<\/td>\r\n<\/tr>\r\n<tr style=\"height: 55px;\">\r\n<td style=\"width: 994px; height: 55px;\">\r\n<p>Institui\u00e7\u00e3o e regulamenta\u00e7\u00e3o do <b>Programa de A\u00e7\u00f5es Afirmativas <\/b>&#8211; <a href=\"https:\/\/proppg.unilab.edu.br\/wp-content\/uploads\/2026\/03\/40.2021.pdf\">Resolu\u00e7\u00e3o Consuni\/Unilab n\u00ba 20\/2021\u00a0<\/a><b><br \/><\/b><\/p>\r\n<\/td>\r\n<\/tr>\r\n<tr style=\"height: 80px;\">\r\n<td style=\"width: 994px; height: 80px;\">\r\n<p>Crit\u00e9rios e procedimentos documentais para indica\u00e7\u00e3o de <b>bolsistas de IC na modalidade de a\u00e7\u00e3o afirmativa <\/b>\u00a0&#8211;<a href=\"https:\/\/proppg.unilab.edu.br\/wp-content\/uploads\/2026\/03\/4.2023.pdf\"> Instru\u00e7\u00e3o Normativa Proppg\/Unilab n\u00ba 4\/2023<\/a><b><br \/><\/b><\/p>\r\n<\/td>\r\n<\/tr>\r\n<tr style=\"height: 80px;\">\r\n<td style=\"width: 994px; height: 80px;\">\r\n<p>Define os crit\u00e9rios para a<b> distribui\u00e7\u00e3o da carga hor\u00e1ria <\/b>de atividades desenvolvidas pelos docentes &#8211; <a href=\"https:\/\/proppg.unilab.edu.br\/wp-content\/uploads\/2026\/03\/2.2021.pdf\">Resolu\u00e7\u00e3o Consepe\/Unilab n\u00ba 2\/2021<\/a><\/p>\r\n<\/td>\r\n<\/tr>\r\n<tr style=\"height: 80px;\">\r\n<td style=\"width: 994px; height: 80px;\">\r\n<p>Regulamenta\u00e7\u00e3o do processo de<b> participa\u00e7\u00e3o de<\/b> <b>pesquisador(es) em projetos de pesquisa de outras institui\u00e7\u00f5es<\/b> &#8211; <a href=\"https:\/\/proppg.unilab.edu.br\/wp-content\/uploads\/2026\/03\/43.2021.pdf\">Resolu\u00e7\u00e3o Consuni\/Unilab n\u00ba 43\/2021<\/a><\/p>\r\n<\/td>\r\n<\/tr>\r\n<tr style=\"height: 80px;\">\r\n<td style=\"width: 994px; height: 80px;\">\r\n<p>Disp\u00f5e sobre o r<b>elacionamento entre a Unilab e suas Funda\u00e7\u00f5es<\/b> de Apoio e\/ou Organiza\u00e7\u00e3o(\u00f5es) da Sociedade Civil &#8211; <a href=\"https:\/\/proppg.unilab.edu.br\/wp-content\/uploads\/2026\/03\/41.2021.pdf\">Resolu\u00e7\u00e3o Consuni\/Unilab n\u00ba 041\/2021<\/a><\/p>\r\n<\/td>\r\n<\/tr>\r\n<tr style=\"height: 56px;\">\r\n<td style=\"width: 994px; height: 56px;\">\r\n<p>Cria\u00e7\u00e3o e o Regulamento da <b>C\u00e2mara de Pesquisa e P\u00f3s-Gradua\u00e7\u00e3o<\/b> &#8211; <a href=\"https:\/\/proppg.unilab.edu.br\/wp-content\/uploads\/2026\/03\/5.2019.pdf\">Resolu\u00e7\u00e3o complementar n\u00ba 5\/2019\/Consuni<\/a><\/p>\r\n<\/td>\r\n<\/tr>\r\n<tr>\r\n<td style=\"width: 994px;\">\r\n<p><strong>Programa integrado de bolsas<\/strong> (PIB) da Unilab &#8211; <a href=\"https:\/\/www.unilab.edu.br\/wp-content\/uploads\/2012\/09\/RES-N%C2%BA-12-2011-Disp%C3%B5e-sobre-o-Programa-Integrado-de-Bolsas-PIB.pdf\">Resolu\u00e7\u00e3o n\u00ba 12\/2011<\/a><\/p>\r\n<\/td>\r\n<\/tr>\r\n<tr style=\"height: 56px;\">\r\n<td style=\"width: 994px; height: 56px;\">\r\n<p><del><b>Normas do PIBIC e do PIBITI<\/b> &#8211;\u00a0<a href=\"https:\/\/proppg.unilab.edu.br\/wp-content\/uploads\/2026\/03\/174.2022.pdf\">Resolu\u00e7\u00e3o Consepe\/Unilab n\u00ba 174\/2022<\/a><\/del> (<span style=\"color: #ff0000;\">revogada pela <a style=\"color: #ff0000;\" href=\"https:\/\/proppg.unilab.edu.br\/wp-content\/uploads\/2026\/03\/445.2026.pdf\">Resolu\u00e7\u00e3o Consepe\/Unilab n\u00ba 445\/2026<\/a><\/span>)<\/p>\r\n<\/td>\r\n<\/tr>\r\n<tr style=\"height: 80px;\">\r\n<td style=\"width: 994px; height: 80px;\">\r\n<p><del>Disp\u00f5e sobre <b>crit\u00e9rios para a concess\u00e3o de bolsas<\/b> no \u00e2mbito do Pibic &#8211; <a href=\"https:\/\/proppg.unilab.edu.br\/wp-content\/uploads\/2026\/03\/136.2022.pdf\">Resolu\u00e7\u00e3o Consepe\/Unilab n\u00ba 136\/2022<\/a><\/del> (<span style=\"color: #ff0000;\">revogada pela <a href=\"https:\/\/proppg.unilab.edu.br\/wp-content\/uploads\/2026\/03\/445.2026.pdf\"><span style=\"color: #ff0000;\">Resolu\u00e7\u00e3o Consepe\/Unilab n\u00ba 445\/2026<\/span><\/a><\/span>)<\/p>\r\n<\/td>\r\n<\/tr>\r\n<tr style=\"height: 80px;\">\r\n<td style=\"width: 994px; height: 80px;\">\r\n<p><del><b>Regulamenta\u00e7\u00e3o das pend\u00eancias<\/b> junto \u00e0 CPQ\/Proppg &#8211; <a href=\"https:\/\/proppg.unilab.edu.br\/wp-content\/uploads\/2026\/03\/76.2021.pdf\">Resolu\u00e7\u00e3o Consepe\/Unilab n\u00ba 76\/2021<\/a><\/del> (<span style=\"color: #ff0000;\">revogada pela <a href=\"https:\/\/proppg.unilab.edu.br\/wp-content\/uploads\/2026\/03\/445.2026.pdf\"><span style=\"color: #ff0000;\">Resolu\u00e7\u00e3o Consepe\/Unilab n\u00ba 445\/2026<\/span><\/a><span style=\"color: #000000;\">)<\/span><\/span><\/p>\r\n<\/td>\r\n<\/tr>\r\n<\/tbody>\r\n<\/table>\r\n\r\n\r\n<p>&nbsp;<\/p>\n\r\n\r\n\r\n<h2 class=\"wp-block-heading\">Normas externas<\/h2>\r\n<table>\r\n<tbody>\r\n<tr>\r\n<td>\r\n<p><b>Fapesb &#8211; <a href=\"https:\/\/www.fapesb.ba.gov.br\/legislacao\/\">Legisla\u00e7\u00e3o<\/a><\/b><\/p>\r\n<\/td>\r\n<\/tr>\r\n<tr>\r\n<td>\r\n<p><b>Funcap &#8211; <a href=\"https:\/\/www.funcap.ce.gov.br\/download\/resolucoes\/\">Resolu\u00e7\u00f5es<\/a><\/b><\/p>\r\n<\/td>\r\n<\/tr>\r\n<tr>\r\n<td>\r\n<p><b>CNPq \u2013 <a href=\"http:\/\/memoria2.cnpq.br\/web\/guest\/normas?p_p_id=normascnpqportlet_WAR_normascnpqportlet_INSTANCE_yUx3jBhkd0TD&amp;p_p_lifecycle=0&amp;p_p_state=normal&amp;p_p_mode=view&amp;p_p_col_id=column-2&amp;p_p_col_pos=1&amp;p_p_col_count=2&amp;nomeCategoriaPai=inst_servicos&amp;codigoCategoriaPai=219452&amp;nomeCategoria=inst_servicos&amp;codigoCategoria=219452&amp;modo=pai\">Normas<\/a><\/b><\/p>\r\n<\/td>\r\n<\/tr>\r\n<tr>\r\n<td>\r\n<p><b>Fapesb &#8211; Inicia\u00e7\u00e3o Cient\u00edfica<\/b> &#8211; <a href=\"https:\/\/proppg.unilab.edu.br\/wp-content\/uploads\/2026\/03\/Fapesb-2.2025.pdf\">Resolu\u00e7\u00e3o Fapesb n\u00ba 002\/2025<\/a><\/p>\r\n<\/td>\r\n<\/tr>\r\n<tr>\r\n<td>\r\n<p><b>Funcap &#8211; Inicia\u00e7\u00e3o Cient\u00edfica<\/b> &#8211; <a href=\"https:\/\/www.funcap.ce.gov.br\/programas-de-bolsas\/programa-institucional-de-bolsas-de-iniciacao-cientifica-e-tecnologica-bict\/\">Instru\u00e7\u00e3o Normativa Funcap n\u00ba 02\/20222<\/a><\/p>\r\n<\/td>\r\n<\/tr>\r\n<tr>\r\n<td>\r\n<p><b>CNPq &#8211; Inicia\u00e7\u00e3o Cient\u00edfica<\/b> &#8211; <a href=\"http:\/\/memoria2.cnpq.br\/web\/guest\/view\/-\/journal_content\/56_INSTANCE_0oED\/10157\/22975172\">Portaria CNPq n\u00ba 2539\/2025<\/a><\/p>\r\n<\/td>\r\n<\/tr>\r\n<tr>\r\n<td>\r\n<p><b>CNPq &#8211; Inicia\u00e7\u00e3o Cient\u00edfica <\/b>&#8211; <a href=\"http:\/\/memoria2.cnpq.br\/web\/guest\/view\/-\/journal_content\/56_INSTANCE_0oED\/10157\/100352?COMPANY_ID=10132\">Resolu\u00e7\u00e3o normativa CNPq n\u00ba 017\/2006<\/a><\/p>\r\n<\/td>\r\n<\/tr>\r\n<tr>\r\n<td>\r\n<p><b>CNPq &#8211; Inicia\u00e7\u00e3o Cient\u00edfica <\/b>&#8211; <a href=\"http:\/\/memoria2.cnpq.br\/web\/guest\/view\/-\/journal_content\/56_INSTANCE_0oED\/10157\/22996797?COMPANY_ID=10132\">Resolu\u00e7\u00e3o CNPq n\u00ba 26\/2025<\/a><\/p>\r\n<\/td>\r\n<\/tr>\r\n<tr>\r\n<td>\r\n<p><b>CNPq &#8211; Inicia\u00e7\u00e3o Cient\u00edfica <\/b>&#8211; <a href=\"http:\/\/memoria2.cnpq.br\/web\/guest\/view\/-\/journal_content\/56_INSTANCE_0oED\/10157\/22805331?COMPANY_ID=10132%20\">Resolu\u00e7\u00e3o CNPq n\u00ba 20\/2025<\/a><\/p>\r\n<\/td>\r\n<\/tr>\r\n<tr>\r\n<td>\r\n<p>Veto parcial do Projeto de Lei n\u00ba 93, de 2008,\u00a0 que estabelece procedimentos para o uso cient\u00edfico de animais &#8211; <a href=\"http:\/\/www.planalto.gov.br\/ccivil_03\/_Ato2007-2010\/2008\/Msg\/VEP-761-08.htm\">Mensagem n\u00ba 761\/2008<\/a><\/p>\r\n<\/td>\r\n<\/tr>\r\n<tr>\r\n<td>\r\n<p><b>Procedimentos para o uso cient\u00edfico de animais<\/b> &#8211; <a href=\"http:\/\/www.planalto.gov.br\/ccivil_03\/_Ato2007-2010\/2008\/Lei\/L11794.htm\">Lei n\u00ba 11.794\/2008<\/a><\/p>\r\n<\/td>\r\n<\/tr>\r\n<tr>\r\n<td>\r\n<p><b>Organiza\u00e7\u00e3o e funcionamento do Sistema CEP\/CONEP<\/b> &#8211; <a href=\"https:\/\/www.gov.br\/conselho-nacional-de-saude\/pt-br\/camaras-tecnicas-e-comissoes\/conep\/legislacao\/norma\/norma-operacional-no-001-de-2013.pdf\/view\">Norma Operacional n\u00ba 001\/2013<\/a><\/p>\r\n<\/td>\r\n<\/tr>\r\n<tr>\r\n<td>\r\n<p><b>Diretrizes e normas regulamentadoras de pesquisas envolvendo seres humanos<\/b> &#8211; <a href=\"https:\/\/www.gov.br\/conselho-nacional-de-saude\/pt-br\/atos-normativos\/resolucoes\/2012\/resolucao-no-466.pdf\/view\">Resolu\u00e7\u00e3o n\u00ba 466\/2012<\/a><\/p>\r\n<\/td>\r\n<\/tr>\r\n<tr>\r\n<td>\r\n<p><b>Diretrizes \u00e9ticas espec\u00edficas para as ci\u00eancias humanas e sociais<\/b> &#8211; <a href=\"https:\/\/www.gov.br\/conselho-nacional-de-saude\/pt-br\/atos-normativos\/resolucoes\/2016\/resolucao-no-510.pdf\">Resolu\u00e7\u00e3o n\u00ba 510\/2016<\/a><\/p>\r\n<\/td>\r\n<\/tr>\r\n<tr>\r\n<td>\r\n<p><b>Conselho de Gest\u00e3o do Patrim\u00f4nio Gen\u00e9tico (CGen)<\/b> \u2013 <a href=\"https:\/\/www.gov.br\/mma\/pt-br\/assuntos\/bioeconomia\/patrimonio-genetico\/conselho-de-gestao-do-patrimonio-genetico-cgen-1\/normas-do-cgen\/resolucoes\">Normas<\/a><\/p>\r\n<\/td>\r\n<\/tr>\r\n<\/tbody>\r\n<\/table>\r\n<p>&nbsp;<\/p>\r\n","protected":false},"excerpt":{"rendered":"<p>As atividades de pesquisa desenvolvidas na Universidade da Integra\u00e7\u00e3o Internacional da Lusofonia Afro-Brasileira (Unilab) s\u00e3o orientadas por um conjunto de normas, resolu\u00e7\u00f5es e legisla\u00e7\u00f5es que estabelecem diretrizes para o planejamento, execu\u00e7\u00e3o, acompanhamento e avalia\u00e7\u00e3o das a\u00e7\u00f5es de pesquisa no \u00e2mbito institucional. Nesta p\u00e1gina est\u00e3o reunidos os principais documentos normativos relacionados \u00e0 pol\u00edtica de pesquisa da [&hellip;]<\/p>\n","protected":false},"author":101018,"featured_media":0,"parent":0,"menu_order":0,"comment_status":"closed","ping_status":"closed","template":"","meta":{"_uag_custom_page_level_css":"","footnotes":""},"class_list":["post-2745","page","type-page","status-publish","hentry"],"uagb_featured_image_src":{"full":false,"thumbnail":false,"medium":false,"medium_large":false,"large":false,"1536x1536":false,"2048x2048":false},"uagb_author_info":{"display_name":"Renato Paiva","author_link":"https:\/\/proppg.unilab.edu.br\/index.php\/author\/renato\/"},"uagb_comment_info":0,"uagb_excerpt":"As atividades de pesquisa desenvolvidas na Universidade da Integra\u00e7\u00e3o Internacional da Lusofonia Afro-Brasileira (Unilab) s\u00e3o orientadas por um conjunto de normas, resolu\u00e7\u00f5es e legisla\u00e7\u00f5es que estabelecem diretrizes para o planejamento, execu\u00e7\u00e3o, acompanhamento e avalia\u00e7\u00e3o das a\u00e7\u00f5es de pesquisa no \u00e2mbito institucional. Nesta p\u00e1gina est\u00e3o reunidos os principais documentos normativos relacionados \u00e0 pol\u00edtica de pesquisa da&hellip;","_links":{"self":[{"href":"https:\/\/proppg.unilab.edu.br\/index.php\/wp-json\/wp\/v2\/pages\/2745","targetHints":{"allow":["GET"]}}],"collection":[{"href":"https:\/\/proppg.unilab.edu.br\/index.php\/wp-json\/wp\/v2\/pages"}],"about":[{"href":"https:\/\/proppg.unilab.edu.br\/index.php\/wp-json\/wp\/v2\/types\/page"}],"author":[{"embeddable":true,"href":"https:\/\/proppg.unilab.edu.br\/index.php\/wp-json\/wp\/v2\/users\/101018"}],"replies":[{"embeddable":true,"href":"https:\/\/proppg.unilab.edu.br\/index.php\/wp-json\/wp\/v2\/comments?post=2745"}],"version-history":[{"count":33,"href":"https:\/\/proppg.unilab.edu.br\/index.php\/wp-json\/wp\/v2\/pages\/2745\/revisions"}],"predecessor-version":[{"id":8128,"href":"https:\/\/proppg.unilab.edu.br\/index.php\/wp-json\/wp\/v2\/pages\/2745\/revisions\/8128"}],"wp:attachment":[{"href":"https:\/\/proppg.unilab.edu.br\/index.php\/wp-json\/wp\/v2\/media?parent=2745"}],"curies":[{"name":"wp","href":"https:\/\/api.w.org\/{rel}","templated":true}]}}