{"id":2634,"date":"2020-10-09T10:32:04","date_gmt":"2020-10-09T13:32:04","guid":{"rendered":"http:\/\/proppg.unilab.edu.br\/?page_id=2634"},"modified":"2020-10-30T14:25:02","modified_gmt":"2020-10-30T17:25:02","slug":"orientacoes-sobre-pesquisa-on-line","status":"publish","type":"page","link":"https:\/\/proppg.unilab.edu.br\/index.php\/orientacoes-sobre-pesquisa-on-line\/","title":{"rendered":"Orienta\u00e7\u00f5es \u00e9ticas acerca da pesquisa on-line envolvendo seres humanos"},"content":{"rendered":"\n<p style=\"text-align: justify;\"><strong>1.<\/strong> Em Metodologia deve ser <strong>detalhada a sele\u00e7\u00e3o e abordagem<\/strong> dos participantes;<\/p>\n<p style=\"text-align: justify;\"><strong>2.<\/strong> Caso a abordagem seja por <strong>envio de e-mail ou por contato atrav\u00e9s de redes socais\u00a0(Facebook, Twitter, Instagram etc.), esclarecer como ser\u00e3o obtidos os contatos\/endere\u00e7os de e-mails <\/strong>e apresentar a <strong>Declara\u00e7\u00e3o de<\/strong> <strong>Anu\u00eancia correspondente<\/strong>, emitida pela institui\u00e7\u00e3o fornecedora destes dados;<\/p>\n<p style=\"text-align: justify;\"><strong>3.<\/strong> No projeto, inserir<strong> os arquivos em PDF edit\u00e1vel (o convite a ser enviado ao participante; instrumento de coleta de dados; Termo de Consentimento Livre e Esclarecido-TCLE) ou o link do convite (carta convite) destinado ao participante; o link do instrumento de coleta de dados,<\/strong> bem como <strong>o link do TCLE <\/strong>(caso esteja em outro link de acesso), para que o CEP possa fazer a avalia\u00e7\u00e3o \u00e9tica do conte\u00fado.\u00a0<\/p>\n<p style=\"text-align: justify;\"><strong>Par\u00e1grafo \u00danico:<\/strong> Caso a disponibiliza\u00e7\u00e3o do formul\u00e1rio n\u00e3o seja poss\u00edvel por ser protegido por direito autoral registrado, esclare\u00e7a ao CEP e encaminhe o texto do instrumento on-line em PDF edit\u00e1vel;<\/p>\n<p style=\"text-align: justify;\"><strong>4.<\/strong> Quanto ao <strong>TCLE on-line<\/strong>:<\/p>\n<ul style=\"text-align: justify;\">\n<li>O texto deve atender \u00e0s exig\u00eancias das Resolu\u00e7\u00f5es CNS 466\/2012, 510\/2016 e outras complementares, devendo adapt\u00e1-lo para a modalidade de disponibiliza\u00e7\u00e3o eletr\u00f4nica (on-line);<\/li>\n<li>O TCLE deve, mesmo que em formato eletr\u00f4nico, conter a assinatura do(a) pesquisador(a) respons\u00e1vel, bem como de uma testemunha;\u00a0<\/li>\n<li>O TCLE deve conter o seu link de acesso, para que o participante possa imprimi-lo posteriormente, de modo a assegurar que uma via do mesmo ficar\u00e1 na posse do participante;<\/li>\n<li>O TCLE dever\u00e1 conter alguma forma para que o participante demonstre o seu consentimento livre e esclarecido, confirmando a sua concord\u00e2ncia;<\/li>\n<li>Garantir o registro do consentimento ou do assentimento em documento em qualquer meio, formato ou m\u00eddia, como papel, \u00e1udio, filmagem, m\u00eddia eletr\u00f4nica e digital, que registra a concess\u00e3o de consentimento ou de assentimento livre e esclarecido, sendo a forma de registro escolhida a partir das caracter\u00edsticas individuais, sociais, lingu\u00edsticas, econ\u00f4micas e culturais do participante da pesquisa e em raz\u00e3o das abordagens metodol\u00f3gicas aplicadas;<\/li>\n<li>Ao final inserir o campo de Consentimento P\u00f3s Informa\u00e7\u00e3o. Este deve ter reda\u00e7\u00e3o simples, como \u201cLi e concordo em participar da pesquisa\u201d ou \u201cDeclaro que concordo em participar da pesquisa\u201d;<\/li>\n<li>Em caso de coleta de dados em ambiente virtual (Google Forms, Redcap, Survey Monkey, Zoom, Google Meet, Skype, entre outros), a modalidade de Registro de Consentimento deve apresentar, de maneira destacada, a import\u00e2ncia de que o participante da pesquisa guarde em seus arquivos uma via do documento e\/ou garantindo o envio da via assinada pelos pesquisadores ao participante de pesquisa;<\/li>\n<li>O(A) pesquisador(a) dever\u00e1 paginar o TCLE (caso possua mais de uma p\u00e1gina ao ser impresso do ambiente virtual escolhido). Solicita-se que seja inserida de forma a indicar, tamb\u00e9m, o n\u00famero total de p\u00e1ginas, por exemplo: p\u00e1ginas 1\/2 e 2\/2, ou orientar o participante que ao imprimir da p\u00e1gina do TCLE on-line deve marcar a op\u00e7\u00e3o imprimir &#8220;cabe\u00e7alhos e rodap\u00e9s&#8221;, para ter o link fonte e a pagina\u00e7\u00e3o do TCLE;<\/li>\n<li>Por se tratar de TCLE em p\u00e1gina WEB, e sem a possibilidade de assinatura f\u00edsica, ap\u00f3s o consentimento p\u00f3s informa\u00e7\u00e3o o(a) pesquisador(a) dever\u00e1 explicar que \u201cAo clicar no bot\u00e3o abaixo, o(a) Senhor(a) concorda em participar da pesquisa nos termos deste TCLE. Caso n\u00e3o concorde em participar, apenas feche essa p\u00e1gina no seu navegador\u201d.<\/li>\n<\/ul>\n<p style=\"text-align: justify;\"><strong>5.<\/strong> Se a pesquisa for realizada por meio de question\u00e1rio eletr\u00f4nico, em que o(a) participante utiliza um aplicativo da WEB para responder ao referido question\u00e1rio an\u00f4nimo, como, por exemplo, Google Formul\u00e1rios, poder\u00e1 solicitar a dispensa do TCLE. Entretanto, a primeira p\u00e1gina do question\u00e1rio an\u00f4nimo deve ter o modelo de cabe\u00e7alho an\u00f4nimo que deve deixar o participante ciente do que est\u00e1 respondendo, objetivos, poss\u00edveis benef\u00edcios e risco, o tempo que ser\u00e1 despendido na resposta. Ademais, o(a) pesquisador(a) deve especificar como os participantes ter\u00e3o acesso aos resultados da pesquisa.<\/p>\n","protected":false},"excerpt":{"rendered":"<p>1. Em Metodologia deve ser detalhada a sele\u00e7\u00e3o e abordagem dos participantes; 2. Caso a abordagem seja por envio de e-mail ou por contato atrav\u00e9s de redes socais\u00a0(Facebook, Twitter, Instagram etc.), esclarecer como ser\u00e3o obtidos os contatos\/endere\u00e7os de e-mails e apresentar a Declara\u00e7\u00e3o de Anu\u00eancia correspondente, emitida pela institui\u00e7\u00e3o fornecedora destes dados; 3. No projeto, [&hellip;]<\/p>\n","protected":false},"author":101015,"featured_media":0,"parent":0,"menu_order":0,"comment_status":"closed","ping_status":"closed","template":"","meta":{"_uag_custom_page_level_css":"","footnotes":""},"class_list":["post-2634","page","type-page","status-publish","hentry"],"uagb_featured_image_src":{"full":false,"thumbnail":false,"medium":false,"medium_large":false,"large":false,"1536x1536":false,"2048x2048":false},"uagb_author_info":{"display_name":"Pedro Lemos","author_link":"https:\/\/proppg.unilab.edu.br\/index.php\/author\/pedrolemos\/"},"uagb_comment_info":0,"uagb_excerpt":"1. Em Metodologia deve ser detalhada a sele\u00e7\u00e3o e abordagem dos participantes; 2. Caso a abordagem seja por envio de e-mail ou por contato atrav\u00e9s de redes socais\u00a0(Facebook, Twitter, Instagram etc.), esclarecer como ser\u00e3o obtidos os contatos\/endere\u00e7os de e-mails e apresentar a Declara\u00e7\u00e3o de Anu\u00eancia correspondente, emitida pela institui\u00e7\u00e3o fornecedora destes dados; 3. No projeto,&hellip;","_links":{"self":[{"href":"https:\/\/proppg.unilab.edu.br\/index.php\/wp-json\/wp\/v2\/pages\/2634","targetHints":{"allow":["GET"]}}],"collection":[{"href":"https:\/\/proppg.unilab.edu.br\/index.php\/wp-json\/wp\/v2\/pages"}],"about":[{"href":"https:\/\/proppg.unilab.edu.br\/index.php\/wp-json\/wp\/v2\/types\/page"}],"author":[{"embeddable":true,"href":"https:\/\/proppg.unilab.edu.br\/index.php\/wp-json\/wp\/v2\/users\/101015"}],"replies":[{"embeddable":true,"href":"https:\/\/proppg.unilab.edu.br\/index.php\/wp-json\/wp\/v2\/comments?post=2634"}],"version-history":[{"count":6,"href":"https:\/\/proppg.unilab.edu.br\/index.php\/wp-json\/wp\/v2\/pages\/2634\/revisions"}],"predecessor-version":[{"id":2655,"href":"https:\/\/proppg.unilab.edu.br\/index.php\/wp-json\/wp\/v2\/pages\/2634\/revisions\/2655"}],"wp:attachment":[{"href":"https:\/\/proppg.unilab.edu.br\/index.php\/wp-json\/wp\/v2\/media?parent=2634"}],"curies":[{"name":"wp","href":"https:\/\/api.w.org\/{rel}","templated":true}]}}